e p(-8). Suppose -5*l + 243 = 4*q, -2*q = 3*l - i + 35. What is the units digit of l?
1
Suppose -5*f + 17 + 8 = 0. Suppose -f*c + 140 = -c. What is the tens digit of c?
3
Let h = 7 - 3. Suppose -5*i + 75 = -h*g - g, -67 = 5*g + 3*i. What is the units digit of (-2)/7 + (-130)/g?
9
Let w(g) = g**2 + 2*g + 3. Let p be w(-3). Let u = p + -3. What is the units digit of u?
3
Let s = -1 - -5. Let g be (-4 + 1)/((-13)/78). Suppose s*p - 80 = -5*d, -3*d = p - 23 - g. What is the tens digit of d?
1
Suppose -69 = -3*g - 0. What is the units digit of g?
3
Suppose 5*d + d - 528 = 0. What is the units digit of d?
8
Let k be ((-2 - -4) + 23)*1. Let x = k + -7. What is the tens digit of x?
1
Let w(n) = -11*n**3 + 2*n**2 - 1. Let y be w(-1). Let f be (-16)/(-3) - (-4)/6. Let m = y - f. What is the units digit of m?
6
Let k = 14 + 80. What is the tens digit of k?
9
Suppose 0 = -4*j - u + 3, -2*j + 3*u - 12 = -3. Let b = j + 3. Suppose 20 = -b*f + 7*f. What is the units digit of f?
5
Let t = -5 - 3. Let l be (t/(-5))/(2/10). What is the tens digit of (-12)/l*(-68)/6?
1
Suppose -4*w + 33 = 13. Suppose w*g - 16 = 9. What is the units digit of g?
5
Suppose 32 = 3*i + i. Suppose -5*h + i*h = 42. What is the units digit of h?
4
Let x(h) = h + 13. Let t be x(-11). Suppose 0*d = t*d - 46. What is the units digit of d?
3
Let f be (-108)/10 + 5/(-25). Let g = f + 18. What is the units digit of g?
7
Suppose -2*w + 34 = -56. What is the tens digit of w?
4
Let z be -2*1*(2 - 4). Suppose -3*h + 2 = -2*r, -3*r - h - z*h = 3. Let b = r + 2. What is the units digit of b?
1
Suppose -4*v - v = 20. Let y = v - -8. Suppose -2*d + g + 4*g - 10 = 0, d = -y*g + 21. What is the units digit of d?
5
Let i(j) = 4*j**3 - 3 - 5*j**3 + 13*j**2 + 15*j + 0. What is the units digit of i(14)?
1
Let c = -18 - -25. Suppose 0 = h + c - 17. What is the units digit of h?
0
What is the units digit of (-3)/(-2)*558/9?
3
Let f(a) = -a**3 + 5*a**2 + 10*a - 8. Suppose 5*i + 1 = -14. Let u = 3 - i. What is the units digit of f(u)?
6
Let v(c) be the second derivative of c**4/12 + c**3/2 - 7*c**2/2 + c. Let r = -21 - -16. What is the units digit of v(r)?
3
Let v = 149 + -106. What is the tens digit of v?
4
Let n(q) = -q**2 + 15*q - 15. What is the tens digit of n(6)?
3
Suppose -3*g = -3*q + 15, -7*g + 2*g + 4*q - 20 = 0. What is the units digit of 1*(g + 1 + 14)?
5
Suppose 2*t = 3*t. Let w be (-4 + 3)/((-2)/4). Suppose -2 = -w*a + 3*v - t, -4*a + 4*v = -8. What is the units digit of a?
4
Suppose 3*u - 45 = 45. What is the units digit of u?
0
Suppose -5*n + 3*n - 2*f = -2, 0 = n + 2*f. Let l be n*(0 - (-3 + 1)). Let j = l - -1. What is the units digit of j?
5
Suppose -q = 2*q + s - 191, -246 = -4*q + 3*s. What is the tens digit of q?
6
Let q(r) = -r + 2 - 2 + 0*r + 4. What is the units digit of q(-8)?
2
What is the tens digit of 2637/21 - 8/14?
2
Let z(x) = 2*x. Let h be z(5). Let g be h*1 + -2 - 1. Let p = g - 2. What is the units digit of p?
5
Let b = -6 + 14. Let p(h) = -h + 10. Let a be p(b). Suppose -2*t = -4*o + a*t + 48, -3*o = 5*t - 52. What is the units digit of o?
4
Let w(u) = u + 3. Let s be w(-3). Suppose s = m + 2*l + l + 25, 5*l - 5 = 0. What is the units digit of (24/14)/((-8)/m)?
6
Suppose -w - 63 = 2*w. What is the tens digit of (-70)/w*66/5?
4
Let n = 2 - 2. Suppose -2*z - 4*s = 8, 2*z + n*s = 4*s + 16. Let f = z + -1. What is the units digit of f?
1
Suppose -4 = -4*i - 0. Let j = i - -12. What is the units digit of j?
3
Let d(u) = 2*u**2 - u - 2. Let r be -1 + 9/((-3)/(-1)). Let i be d(r). What is the units digit of (i/4)/(1/2)?
2
Let g(x) = x**3 + 8*x**2 - 10*x - 3. Suppose -d = 2*v + 13, 3*v + 2*v - 2*d = -55. What is the units digit of g(v)?
6
Let f(i) = -7*i + 2. Let v be f(-6). What is the tens digit of (-8)/v + (-246)/(-22)?
1
What is the tens digit of (-3190)/(-19) + 6/57?
6
Suppose 0 = -5*m + n + n, 0 = 3*n. Suppose 0 = -o - d + 4, 2*o - d + 2 - 1 = m. What is the units digit of o?
1
Let m(o) = o**3 - 3*o**2 + 2*o - 4. Let d be m(3). Let j(z) = z + 4. Let i be j(0). Suppose -i - 6 = -d*b. What is the units digit of b?
5
Let z(j) = -j**2 - 2*j - 5. Let l be z(-3). Let c(t) = t**2 + 4*t - 11. What is the tens digit of c(l)?
2
Let v be (-9)/(-2) + (-1)/2. Let c be 1/(-2*1/v). What is the tens digit of 1/(-3)*c*27?
1
Let z(t) = t**3 - t**2 - 2. Let h be z(0). Let r = h - -7. Suppose -37 = -5*x - 3*u, -x + 4 = -u + r*u. What is the units digit of x?
8
Suppose 4*g = c - 0*g, 4*g - 20 = -4*c. Let b be 1 + 46 + 0/10. Suppose c*w - b - 5 = 0. What is the units digit of w?
3
Let q(x) be the first derivative of 0*x**2 - 1/4*x**4 + 1/3*x**3 + 21*x + 1. What is the units digit of q(0)?
1
Let h(n) = -48*n**3 - 1. Let t be h(-1). Suppose -9*i + t = -8*i. What is the units digit of i?
7
Let j(k) = -k**2 - 17*k - 21. What is the units digit of j(-15)?
9
Suppose -5*s = u - 21, -2*s - 3*u - 22 = -4*s. Suppose -3 - 167 = -s*l. What is the tens digit of l?
3
Let i be (1 + 24/(-15))*-15. What is the units digit of (2/(-6))/(i/(-162))?
6
Suppose 16 + 57 = -y. Let f = -36 - y. What is the units digit of f?
7
Suppose 11*q - 220 = 6*q. What is the units digit of q?
4
Suppose -2*z + 4*s - 2 = 0, -7*z + 3*z + 10 = -s. Suppose m = z*m + 10. Let j = m + 6. What is the units digit of j?
1
Suppose -5*a = -4*c + 804, 764 = -0*c + 4*c + 5*a. What is the tens digit of c?
9
Let p be 6/(-3 - (-3 - -2)). Let t = 10 + p. What is the units digit of t?
7
Suppose -46 = -4*u + 18. What is the units digit of u?
6
Let o = -12 - -41. What is the tens digit of o?
2
Let c be 10/(-35) - 1472/(-7). Suppose -8*g + c = -3*g. What is the tens digit of g?
4
Suppose -j = -2*j - 5. Let p = 14 + -18. Let b = p - j. What is the units digit of b?
1
Let t(q) = q**3 + 5*q**2 - 5*q - 7. Let a be t(-5). Suppose -d + a = d. What is the units digit of d?
9
Let f(i) = i**3 + 19*i**2 - 8*i + 12. What is the tens digit of f(-19)?
6
Let u(f) = f**2 + f - 1. Let v(s) = -3*s**2 - 9*s + 5. Let r(q) = -4*u(q) - v(q). What is the units digit of r(4)?
3
Let v = 8 - 5. Let c(a) = a**2 + 9. Let d be c(0). Suppose -v*i = -d - 0. What is the units digit of i?
3
Let b = 71 + -58. What is the tens digit of b?
1
What is the units digit of 150/4 - (-3)/(-6)?
7
Suppose -4*u = -18 + 2. Suppose 0*c = u*c - 28. What is the units digit of c?
7
Suppose -12 = 3*k + 12. Let u(b) = b**3 + 7*b**2 - 6*b + 10. Let x be u(k). Let r = 6 - x. What is the units digit of r?
2
Suppose 28 + 697 = 3*t + y, 2*t - 487 = 3*y. What is the tens digit of t?
4
Let d(z) = -z**3 + 2*z**2 - 4*z + 1. Let r be d(3). Let k = r + 21. What is the units digit of k?
1
Suppose -3*l = 6*l - 2070. What is the units digit of l?
0
Suppose o - 67 = 7. Suppose 0 = 4*j - 5*k - 96, 0 = -4*j + 2*j - 4*k + o. What is the tens digit of j?
2
Let a be 3 + (20 - 1)*-3. What is the tens digit of 12/a + (-490)/(-18)?
2
Suppose y - v = -2*y + 4, -3*y + 2*v = -8. Suppose -4*t + 3*t + 22 = y. What is the units digit of t?
2
Let l(h) = h**3 + 9*h**2 + 10*h + 8. Let s be l(-7). What is the units digit of (s/10)/((-9)/(-30))?
2
Let s be (-2)/(-8)*-2*0. Suppose 0 = -m - 2*j - 4 + 11, -2*j + 2 = s. Suppose -m*h + 3*h + 4 = 0. What is the units digit of h?
2
Suppose -46 = -k - 0*k + 5*c, 3*k = 4*c + 138. What is the units digit of k?
6
Let b(d) = -d**3 + 6*d**2 + 3*d + 7. Let h be b(6). Let w = 6 + h. What is the tens digit of w?
3
Let z = 9 - 3. Suppose 3*g - 3*x = 63, 85 = 4*g - z*x + 3*x. What is the tens digit of g?
2
What is the units digit of ((-2)/8)/(5/11240*-2)?
1
Let n(i) = 10*i - 3. Let u(t) = 5*t**2 + t + 1. Let m be u(-1). Let x be n(m). Suppose -5*s + x - 12 = 0. What is the units digit of s?
7
Let k(b) = 3 + 0*b - 5 + 3*b. What is the units digit of k(5)?
3
Let a = 24 - 37. Suppose 0 = 4*j + 3*n - 82, n + 0 + 2 = 0. Let i = j + a. What is the units digit of i?
9
Let a be (0*3/(-9))/(-1). Suppose a*h - h - 18 = 0. Let z = h - -26. What is the units digit of z?
8
Let l = 42 - -36. What is the tens digit of l?
7
Suppose -2*g + 4*g - 76 = 0. What is the tens digit of g?
3
Suppose -v = 4*v - 60. Suppose -4*u + v = 32. Let d = 6 + u. What is the units digit of d?
1
Let u = 105 - 74. What is the tens digit of u?
3
Let g = 17 + -9. Suppose -d + g = 3*d. What is the units digit of d?
2
Suppose -f = 2, 2*f + 392 - 3